 prime factors of a.
3, 1709
Let n(i) = -147*i + 22. Let o be n(-4). Suppose 3*t = t + 4*u + o, -3*u = t - 280. List the prime factors of t.
5, 59
Let a = -33 + 38. Suppose -3*d + 48 = c, -a*c + 0*c = 5*d - 250. Suppose -c = -z + 3. What are the prime factors of z?
2, 3
Let b(q) = -q**2 + 16*q + 5. Let d(a) = 11*a + 10. Let u be d(-4). Let f = u - -48. List the prime factors of b(f).
3, 11
Suppose 0*a = 2*d - 3*a - 44, 2*d = -3*a + 32. Let s = -18 + d. List the prime factors of s/3 + (-220)/(-6).
37
Suppose 5*u + 3*k = 25931, 4*k + 9 = -3. What are the prime factors of u?
2, 1297
List the prime factors of 175/(-70)*1352/(-10).
2, 13
Suppose i - 26 = -3*v, -v + 0*v + 3*i = -12. List the prime factors of (-6)/v - (-56)/3.
2, 3
Let l = 896 + 2098. What are the prime factors of l?
2, 3, 499
Let y(z) = z**2 - 7*z - 14. What are the prime factors of y(11)?
2, 3, 5
Suppose 6*v - 5*g - 40 = v, 4*v = -4*g. Suppose -8*h + 40 = -v*h. Suppose -12*b + 4 = -h*b. What are the prime factors of b?
2
Let f = -22 - -8. Let o(p) = -3*p + 11. What are the prime factors of o(f)?
53
Suppose s + 7593 = 5*s + d, -2*s + 3799 = 3*d. List the prime factors of s.
2, 13, 73
Suppose 3*w - 140 + 14 = 0. Suppose w = 2*k - 4*n, -3*n - 2*n = -15. Suppose -4*j + k = -3*j. What are the prime factors of j?
3
Suppose -5 = -5*y - 5*q, -y - 2*y + q = -19. Suppose -y*o = -36 - 9. Suppose -4*n = -7*n + o. List the prime factors of n.
3
Let u(s) = s**3 - 9*s**2 + 29*s + 5. What are the prime factors of u(10)?
5, 79
Let i = -5 - -12. Let w(t) = 2*t - 4. Let d be w(i). Suppose -5*o - 135 = -d*o. What are the prime factors of o?
3
What are the prime factors of (1 + 0)*(-1 + 82 - -2)?
83
Let j(o) = 9*o + 1. Let m be j(1). Let d be -1*5/(m/138). Let a = 104 + d. What are the prime factors of a?
5, 7
Let h = -760 + 3519. What are the prime factors of h?
31, 89
Let n = 1160 - 478. List the prime factors of n.
2, 11, 31
Suppose -4*m = l + 6, 4*l = l - 4*m + 6. Let u(t) = -2*t**2 + 13*t - 2. Let h be u(l). List the prime factors of (h/(-6))/((-10)/210).
2, 7
Let j = 8 - -118. Suppose 0 = -4*t - 2*t + j. What are the prime factors of t?
3, 7
Let v(p) = 6*p + 84. List the prime factors of v(-11).
2, 3
Suppose -u + 4*z = -14 - 9, -3*u + 4*z + 29 = 0. Suppose 216 = 6*h - u*h. What are the prime factors of h?
2, 3
Let o be (-4280)/48 + 2 + (-22)/12. Let q = o + 149. What are the prime factors of q?
2, 3, 5
Suppose 0*m - 2*t = 2*m - 10, -2*t = 4*m - 14. Let w(n) = -6*n - 13 - m*n + 6. List the prime factors of w(-5).
3, 11
Let h be 9/(-135)*2 - (-6347)/15. What are the prime factors of ((-6)/(-9))/(1/h)?
2, 3, 47
Let a(g) = -g**3 + 27*g**2 + 5*g + 2. What are the prime factors of a(5)?
577
List the prime factors of (3 - 33)*(-224)/10.
2, 3, 7
Suppose -3*d + 9 = 0, 3*d - 2*d = -2*n + 3. Let o be ((-8)/20)/(3/(-1785)). Suppose 3*m - r - 178 = 0, 4*m + n*r = 2*r + o. What are the prime factors of m?
59
Let j = 697 - 247. What are the prime factors of j?
2, 3, 5
Suppose 6*t = t + 240. Let y = t + -38. What are the prime factors of y?
2, 5
List the prime factors of ((-72)/(-20))/6 + (-2526)/(-15).
13
Suppose 4*u - 105 = 5*n, 2*u - 36 = -2*n + 12. Let g = u + -18. What are the prime factors of g?
7
Let w(h) = h + 4. Let y be w(6). Let t be 18/4 - (-5)/y. Suppose -b - 16 = -3*v - 2*b, -2*v + 39 = -t*b. What are the prime factors of v?
7
Suppose 3*v - 14*v + 88 = 0. What are the prime factors of v?
2
Suppose -4*t = 5*y - 521, -4*t - 388 = -5*y + y. List the prime factors of y.
101
Suppose -3*s = 4*h - 5054, -4*s + 5*h = -6*s + 3381. What are the prime factors of s?
2, 839
Let z = -14 - -28. Suppose 0 = y - 2*q + 2, -2*y + z + 6 = 2*q. List the prime factors of y.
2, 3
What are the prime factors of 4/((-108)/(-5205)) - 26/(-117)?
193
Suppose 25*v = 7977 + 10298. What are the prime factors of v?
17, 43
Let s(a) = -13*a + 10. Suppose 26 = -5*r + 2*u, -r + 3*u + 4 = -2*u. List the prime factors of s(r).
2, 11
Let v = 2794 + -1494. What are the prime factors of v?
2, 5, 13
Let h(j) = -193*j + 92. What are the prime factors of h(-4)?
2, 3
Let b(f) = -f**3 + f**2 - f + 2. Let i be b(2). Let r be (-171)/(-45) - i/(-5). Suppose -r*j - 180 = -8*j. List the prime factors of j.
2, 3
Let a be ((-2)/6)/((-1)/99). Let j = 40 - a. What are the prime factors of (-86)/(-7) + (-2)/j?
2, 3
List the prime factors of (5 - (-484)/(-12))*-6.
2, 53
Let n(c) = -4*c + 5. Let i be n(2). List the prime factors of i/(-8) + (-23940)/(-160).
2, 3, 5
Suppose -4*l = -20, 0*l - 49 = 2*u - 5*l. Suppose x = -2*x + 48. Let i = u + x. List the prime factors of i.
2
Let f(q) = 6 - 3*q + 12 + 5 - 32. Let n = 7 + -13. List the prime factors of f(n).
3
Suppose -y = -2*v - 75, -3*y = 4*v - 207 - 68. Let k = -142 + y. Let x = k + 131. What are the prime factors of x?
2, 37
Let v(b) = -b - 11. Let c be v(15). Let n = 92 + c. List the prime factors of n.
2, 3, 11
What are the prime factors of (999/2)/((-16)/(-96))?
3, 37
Let t(l) = -11*l - 56. List the prime factors of t(-22).
2, 3, 31
Suppose g = -4*s + 4*g + 1420, -2*g + 1775 = 5*s. Suppose 4*i - s = -i. List the prime factors of i.
71
List the prime factors of (75/(-20))/(-3) + 15029/28.
2, 269
Suppose 0 = -5*f + 124 - 19. Suppose 5*l = v - 0*v + f, 4*v - 8 = -3*l. Suppose l*x - 27 - 13 = 0. What are the prime factors of x?
2, 5
Let s be (-201)/(-7) + 6/21. What are the prime factors of s/(3/((-12)/(-4)))?
29
Let d(s) = -s**2 + 9*s - 3. Let h be d(8). Suppose -5*t - 2*v + 5 = -2*t, -v = h. Suppose t*c - 8*c = -81. List the prime factors of c.
3
Suppose -13463 - 1233 = -8*r. List the prime factors of r.
11, 167
Let l(v) = -v**3 - 8*v**2 - 7*v + 10. Let s = -18 + 24. Let p = -13 + s. List the prime factors of l(p).
2, 5
Let s(r) = 93*r**2 + 42*r - 22. What are the prime factors of s(-5)?
7, 13, 23
Suppose -f = -5*j + 23, 2*j + 2 = -2*f - 20. Let z = f - -67. List the prime factors of z.
2, 3
Let u be 9/3 + 14/7. Suppose -3*r - 4*o + 65 = 0, -3*r - u*o + 47 = -20. List the prime factors of r.
19
Suppose -u + 3 - 1 = 0. Let t be u*1 + (-9 - -9). What are the prime factors of (-26*2)/(-4) + t?
3, 5
Suppose -3*j = -13415 - 2863. List the prime factors of j.
2, 2713
Let x = 1 - -1. List the prime factors of 1/x + 297/22.
2, 7
Let t(d) = -d**2 + 5*d + 1. Let s be t(6). Let w(n) = n**3 + 6*n**2 + 5*n - 2. Let l be w(s). List the prime factors of ((-5)/l)/((-1)/(-2)).
5
Suppose -3*a + 2*a + 123 = 0. Let l be a/5 + 2/5. Let q = -16 + l. What are the prime factors of q?
3
Let k be (214 + 5)*2/6. Let q = -42 + k. List the prime factors of q.
31
Suppose 2*r - 4*b - 52 = 56, -2*r - 3*b = -129. What are the prime factors of r + (5 - 3 - (0 - -2))?
2, 3, 5
Suppose -4*u - 5 = -3*u, -3*u = 2*j + 21. Let m(q) = q**2 + 5*q + 6. Let h be m(j). What are the prime factors of h - 4 - -4*11?
2, 5
Let p be (-2)/8 + 13/4. Let l(b) = b**3 - 3*b**2 + 4*b - 1. Let r be l(p). Let c = r - -6. What are the prime factors of c?
17
Suppose 10*h = 5*h + 230. List the prime factors of h.
2, 23
Let q(h) = -h**3 - 25*h**2 - 54*h - 5. What are the prime factors of q(-25)?
5, 269
Let q = 3187 + -1662. List the prime factors of q.
5, 61
Suppose 4*s = 2*s - j + 499, 2*s = 3*j + 495. Let n = s - 594. List the prime factors of 2*(n/(-6))/5.
23
List the prime factors of (-1005)/(-2)*-1*32/(-24).
2, 5, 67
Suppose -3*g + 6*u + 151 = 2*u, 4*g - 200 = 5*u. Let j = g - 27. List the prime factors of j.
2, 3
Suppose 0*q - 2*i = 2*q - 4, -2*q - i = -6. Suppose q*p = 5*w - 36, -p - 4*p = 20. List the prime factors of 2/w*(16 - -84).
2, 5
Suppose -2*p = -6*p + 4*z - 36, p + 2*z + 18 = 0. Let b be 1*-4 + p/(-3). Suppose b = l - 12 + 6. What are the prime factors of l?
2, 3
Let a(y) = 2*y**2 + 7*y - 7. Let b be a(-6). Let v = -124 + 118. Let h = b + v. What are the prime factors of h?
17
Let l(c) = c**3 + 3*c**2 + c + 7. Let d be l(-3). Suppose -5*j = -5*u + 132 + 43, 0 = -2*j - d. List the prime factors of u.
3, 11
Suppose -q - 16 = 5*m + 1, -5*q - 3*m + 25 = 0. Let l(i) = i**2 - 8*i + 5. Let f be l(q). Let t = 15 - f. What are the prime factors of t?
2, 5
Let y = -432 + 661. Suppose 5*s - y - 51 = 0. List the prime factors of s.
2, 7
Suppose -2*a + 5*a - 5*u = -14, 0 = -5*u - 10. Let z(p) be the first derivative of p**3/3 + 5*p**2/2 + 8*p - 5. What are t